e number?
False
Is 24222459067 a prime number?
False
Is 2771320427 a composite number?
False
Is 3019337897 prime?
True
Is 13203554887 prime?
True
Is 1451324443 a composite number?
True
Is 1901892233 a composite number?
True
Is 652225271 a composite number?
True
Is 3287441273 a composite number?
True
Is 211229918 composite?
True
Is 526953737 composite?
True
Is 27111734149 a prime number?
True
Is 12894069379 prime?
True
Is 403721113 composite?
True
Is 4034095279 a prime number?
False
Is 56930185945 a composite number?
True
Is 6783022333 prime?
False
Is 12978594133 prime?
True
Is 2571252017 composite?
True
Is 5141308129 composite?
True
Is 16928995019 prime?
True
Is 85522727 a composite number?
False
Is 11887963 prime?
True
Is 1484444987 composite?
False
Is 31356781 a composite number?
False
Is 63832967 composite?
True
Is 11619199765 composite?
True
Is 1733577191 composite?
False
Is 8559289237 composite?
True
Is 2473242469 a composite number?
False
Is 5519555273 a prime number?
True
Is 2514327187 a composite number?
True
Is 1049863861 a prime number?
True
Is 691420687 a prime number?
False
Is 22606162699 prime?
True
Is 1568820793 a composite number?
False
Is 15642114289 a prime number?
False
Is 1158762499 prime?
True
Is 860373665 composite?
True
Is 119695831351 a composite number?
False
Is 441381797 a composite number?
False
Is 32123431259 composite?
False
Is 82037963233 composite?
True
Is 3240809809 a composite number?
False
Is 939940111 composite?
True
Is 162198209 composite?
False
Is 71495296547 a composite number?
True
Is 17281731391 a prime number?
True
Is 4758683801 a prime number?
True
Is 2652922429 a composite number?
False
Is 904135231 composite?
True
Is 2514075503 composite?
False
Is 3663551341 a prime number?
False
Is 351332677 a composite number?
False
Is 922328621 a prime number?
False
Is 2344641749 composite?
False
Is 2586893989 a prime number?
False
Is 1097623651 prime?
True
Is 290371691 a composite number?
False
Is 2413824503 a composite number?
True
Is 18613849 a prime number?
False
Is 171919677 a prime number?
False
Is 292926199 a prime number?
False
Is 6827652509 a composite number?
False
Is 358413221 a composite number?
False
Is 87348509837 a composite number?
False
Is 127205471 a composite number?
False
Is 54100446563 a composite number?
False
Is 783840787 prime?
False
Is 137598835129 a composite number?
True
Is 608832317 a prime number?
True
Is 38936907923 composite?
False
Is 88082162247 a prime number?
False
Is 2223444455 composite?
True
Is 910122123 a prime number?
False
Is 9301739893 a composite number?
False
Is 14836177441 composite?
True
Is 3690785201 prime?
True
Is 30529671499 a composite number?
False
Is 6155262977 composite?
False
Is 6146468941 prime?
True
Is 576498346 a prime number?
False
Is 1531403593 a composite number?
False
Is 18668243801 a composite number?
True
Is 3074794939 a prime number?
False
Is 473262899 composite?
False
Is 1124061229 composite?
True
Is 3140849449 a composite number?
True
Is 346457677 a prime number?
False
Is 233698753 prime?
False
Is 1486185559 prime?
True
Is 65182641929 a prime number?
True
Is 3027760121 composite?
False
Is 35561039 a prime number?
False
Is 1413638153 a prime number?
False
Is 110283023719 a prime number?
False
Is 1275421453 prime?
False
Is 5423864207 composite?
True
Is 203388033 composite?
True
Is 620129891 a prime number?
False
Is 602689553 a composite number?
True
Is 12647100157 prime?
False
Is 3162767197 prime?
True
Is 34625687095 a prime number?
False
Is 13077708971 a prime number?
False
Is 12065701 prime?
False
Is 4527370509 a composite number?
True
Is 104035226279 composite?
False
Is 914598299 a prime number?
True
Is 4208213743 prime?
True
Is 221202049 a prime number?
False
Is 57326617 composite?
True
Is 3586022807 composite?
True
Is 16136869731 a prime number?
False
Is 4818418667 a composite number?
True
Is 106605427 composite?
False
Is 441291373 composite?
False
Is 19012807727 a prime number?
True
Is 201269436421 a prime number?
False
Is 1425086297 prime?
True
Is 17548601281 a composite number?
False
Is 49308614867 prime?
True
Is 1742693237 composite?
False
Is 1493783177 composite?
True
Is 10828958291 composite?
True
Is 796920143 prime?
True
Is 3148043849 a prime number?
True
Is 6548164886 prime?
False
Is 415931629 composite?
False
Is 1547475551 composite?
False
Is 10880455771 a composite number?
False
Is 128949803753 a prime number?
False
Is 245218553 prime?
False
Is 382402997171 prime?
False
Is 1853172029 a prime number?
True
Is 13899079273 composite?
False
Is 3954823627 composite?
False
Is 5608224923 composite?
True
Is 2253548839 composite?
True
Is 21351443 prime?
False
Is 6309361049 a prime number?
True
Is 18584954933 composite?
True
Is 1544446259 a composite number?
True
Is 174130722497 prime?
False
Is 186393769 prime?
True
Is 295473223 prime?
True
Is 3938523411 a prime number?
False
Is 1352092567 prime?
False
Is 58473397 a prime number?
True
Is 134534794687 prime?
True
Is 1670035667 composite?
False
Is 20310596107 a prime number?
False
Is 5895110489 a prime number?
True
Is 4421959919 prime?
False
Is 52516483323 composite?
True
Is 3899071381 composite?
True
Is 1131122543 composite?
True
Is 736592287 a composite number?
True
Is 13511611247 prime?
True
Is 669007883 a prime number?
False
Is 50374959059 composite?
False
Is 39989515 prime?
False
Is 29472973537 a prime number?
False
Is 115173073 a prime number?
False
Is 1453190269 a composite number?
True
Is 1664712451 a prime number?
False
Is 6151596481 a prime number?
True
Is 754640831 prime?
False
Is 579046609 composite?
False
Is 160574483585 a prime number?
False
Is 50214570391 composite?
False
Is 381472807973 a composite number?
False
Is 29493910543 composite?
False
Is 47451544069 a prime number?
True
Is 199686882331 a composite number?
False
Is 294556499 prime?
False
Is 12733197179 a prime number?
True
Is 2592674323 a prime number?
False
Is 1648993897 composite?
True
Is 52572332723 a prime number?
True
Is 37505608027 a prime number?
False
Is 15421051 prime?
False
Is 1413275909 composite?
True
Is 7289892157 prime?
True
Is 110921491 composite?
True
Is 1612683101 composite?
False
Is 1253863577 prime?
False
Is 57537519838 a composite number?
True
Is 93331033 a prime number?
False
Is 326990737 prime?
False
Is 196936807 prime?
True
Is 18822611785 a prime number?
False
Is 1438933679 a composite number?
True
Is 431812013 a prime number?
True
Is 868639427 a composite number?
True
Is 160373315 prime?
False
Is 272778353 prime?
True
Is 879488287 a composite number?
True
Is 246133159 prime?
True
Is 16284429309 prime?
False
Is 116268931 composite?
False
Is 6229776557 a composite number?
False
Is 1752195227 a composite number?
True
Is 4562189623 a prime number?
True
Is 1534213553 a prime number?
False
Is 18826571633 composite?
True
Is 2737857453 a composite number?
True
Is 503570791 a prime number?
True
Is 828556247 a prime number?
False
Is 390686591 a composite number?
False
Is 579513937 a composite number?
False
Is 21550550087 prime?
False
Is 21612439669 prime?
False
Is 11835328657 a prime number?
True
Is 8860109 composite?
True
Is 3561989861 a composite number?
True
Is 36495498953 a composite number?
True
Is 32551576961 composite?
True
Is 599459141 a composite number?
False
Is 925089773 a composite number?
False
Is 1167969389 a composite number?
False
Is 10804207501 a prime number?
True
Is 2915336293 a prime number?
True
Is 42414871 a composite number?
False
Is 23055261761 a prime number?
False
Is 228833965 prime?
False
Is 800181043 prime?
True
Is 50748711227 a composite number?
False
Is 1172086631 composite?
False
Is 20522430979 a composite number?
True
Is 71261853307 prime?
True
Is 932920822 a prime number?
False
Is 2387872493 a prime number?
True
Is 4315047823 composite?
False
Is 12545612713 composite?
False
Is 1214921819 a prime number?
True
Is 391403377 prime?
True
Is 4575970115 composite?
True
Is 1497807539 prime?
True
Is 97842750803 a prime number?
False
Is 575749423 a prime number?
True
Is 42813488087 composite?
True
Is 318704987 a prime number?
True
Is 23963673623 prime?
False
Is 4009260149 a prime number?
False
Is 495730201 a composite number?
True
Is 2630121463 a prime number?
True
Is 693592703 a compos